{"id":2682,"date":"2026-07-21T09:42:03","date_gmt":"2026-07-21T07:42:03","guid":{"rendered":"https:\/\/venditum.ch\/formations\/chef%c2%b7fe-des-ventes\/"},"modified":"2026-07-21T09:42:03","modified_gmt":"2026-07-21T07:42:03","slug":"chef%c2%b7fe-des-ventes","status":"publish","type":"formation","link":"https:\/\/venditum.ch\/formations\/chef%c2%b7fe-des-ventes\/","title":{"rendered":"Chef\u00b7fe des Ventes"},"content":{"rendered":"<p>Apprenez aupr\u00e8s des meilleurs experts pour ma\u00eetriser les enjeux du commerce de demain, de la strat\u00e9gie traditionnelle \u00e0 l&rsquo;innovation digitale.<\/p>\n","protected":false},"excerpt":{"rendered":"<p>Propulsez votre carri\u00e8re avec une double certification unique : le Dipl\u00f4me F\u00e9d\u00e9ral et le titre d&rsquo;Expert en Sales &amp; Digital. Cette formation intensive de 360h est sp\u00e9cialement organis\u00e9e pour \u00eatre concili\u00e9e avec votre emploi.<\/p>\n","protected":false},"featured_media":0,"menu_order":3,"template":"","type_formation":[],"class_list":["post-2682","formation","type-formation","status-publish","hentry"],"acf":[],"_links":{"self":[{"href":"https:\/\/venditum.ch\/json\/wp\/v2\/formation\/2682","targetHints":{"allow":["GET"]}}],"collection":[{"href":"https:\/\/venditum.ch\/json\/wp\/v2\/formation"}],"about":[{"href":"https:\/\/venditum.ch\/json\/wp\/v2\/types\/formation"}],"wp:attachment":[{"href":"https:\/\/venditum.ch\/json\/wp\/v2\/media?parent=2682"}],"wp:term":[{"taxonomy":"type_formation","embeddable":true,"href":"https:\/\/venditum.ch\/json\/wp\/v2\/type_formation?post=2682"}],"curies":[{"name":"wp","href":"https:\/\/api.w.org\/{rel}","templated":true}]}}

<p>Apprenez auprès des meilleurs experts pour maîtriser les enjeux du commerce de demain, de la stratégie traditionnelle à l&rsquo;innovation digitale.</p>

<p>Propulsez votre carrière avec une double certification unique : le Diplôme Fédéral et le titre d&rsquo;Expert en Sales &amp; Digital. Cette formation intensive de 360h est spécialement organisée pour être conciliée avec votre emploi.</p>
